{"id":1457,"date":"2024-10-29T14:19:58","date_gmt":"2024-10-29T17:19:58","guid":{"rendered":"https:\/\/www.saxoestudio.cl\/?page_id=1457"},"modified":"2024-12-06T14:12:45","modified_gmt":"2024-12-06T17:12:45","slug":"asesoria-instrumental","status":"publish","type":"page","link":"https:\/\/www.saxoestudio.cl\/?page_id=1457","title":{"rendered":"Asesor\u00eda Instrumental"},"content":{"rendered":"\t\t<div data-elementor-type=\"wp-page\" data-elementor-id=\"1457\" class=\"elementor elementor-1457\">\n\t\t\t\t<div class=\"elementor-element elementor-element-0cf5f6c e-flex e-con-boxed e-con e-parent\" data-id=\"0cf5f6c\" data-element_type=\"container\" data-settings=\"{&quot;background_background&quot;:&quot;classic&quot;}\">\n\t\t\t\t\t<div class=\"e-con-inner\">\n\t\t<div class=\"elementor-element elementor-element-b073d6e e-con-full e-flex e-con e-child\" data-id=\"b073d6e\" data-element_type=\"container\">\n\t\t<div class=\"elementor-element elementor-element-f00a5ae e-con-full e-flex e-con e-child\" data-id=\"f00a5ae\" data-element_type=\"container\">\n\t\t<div class=\"elementor-element elementor-element-4ac007c e-con-full e-flex e-con e-child\" data-id=\"4ac007c\" data-element_type=\"container\">\n\t\t\t\t<div class=\"elementor-element elementor-element-2e4bbf2 elementor-widget elementor-widget-heading\" data-id=\"2e4bbf2\" data-element_type=\"widget\" data-widget_type=\"heading.default\">\n\t\t\t\t<div class=\"elementor-widget-container\">\n\t\t\t<h2 class=\"elementor-heading-title elementor-size-default\">ASESOR\u00cdA <\/h2>\t\t<\/div>\n\t\t\t\t<\/div>\n\t\t\t\t<div class=\"elementor-element elementor-element-1fd9f4f elementor-widget elementor-widget-heading\" data-id=\"1fd9f4f\" data-element_type=\"widget\" data-widget_type=\"heading.default\">\n\t\t\t\t<div class=\"elementor-widget-container\">\n\t\t\t<h2 class=\"elementor-heading-title elementor-size-default\">INSTRUMENTAL<\/h2>\t\t<\/div>\n\t\t\t\t<\/div>\n\t\t\t\t<\/div>\n\t\t<div class=\"elementor-element elementor-element-4d82e8f e-con-full e-flex e-con e-child\" data-id=\"4d82e8f\" data-element_type=\"container\">\n\t\t\t\t<div class=\"elementor-element elementor-element-9749a18 elementor-hidden-mobile elementor-widget elementor-widget-text-editor\" data-id=\"9749a18\" data-element_type=\"widget\" data-widget_type=\"text-editor.default\">\n\t\t\t\t<div class=\"elementor-widget-container\">\n\t\t\t\t\t\t\t<p><b>\u00bfQuieres comenzar las clases pero no tienes instrumento propio?\u00a0<\/b><\/p><p><span style=\"font-weight: 400;\">En Saxo Estudio te ayudamos a encontrar el saxof\u00f3n perfecto que se ajuste a tu presupuesto y necesidades a trav\u00e9s de una <\/span><b>asesor\u00eda instrumental personalizada<\/b><span style=\"font-weight: 400;\">.<\/span><\/p><p><span style=\"font-weight: 400;\">Si quieres conocer m\u00e1s detalles o est\u00e1s listo para invertir en tu propio saxof\u00f3n<\/span><\/p>\t\t\t\t\t\t<\/div>\n\t\t\t\t<\/div>\n\t\t\t\t<div class=\"elementor-element elementor-element-3a4f73c elementor-align-left elementor-widget elementor-widget-button\" data-id=\"3a4f73c\" data-element_type=\"widget\" data-widget_type=\"button.default\">\n\t\t\t\t<div class=\"elementor-widget-container\">\n\t\t\t\t\t\t\t<div class=\"elementor-button-wrapper\">\n\t\t\t\t\t<a class=\"elementor-button elementor-button-link elementor-size-sm\" href=\"https:\/\/www.saxoestudio.cl\/?page_id=68\u2197\">\n\t\t\t\t\t\t<span class=\"elementor-button-content-wrapper\">\n\t\t\t\t\t\t\t\t\t<span class=\"elementor-button-text\">CONT\u00c1CTAME<\/span>\n\t\t\t\t\t<\/span>\n\t\t\t\t\t<\/a>\n\t\t\t\t<\/div>\n\t\t\t\t\t\t<\/div>\n\t\t\t\t<\/div>\n\t\t\t\t<\/div>\n\t\t\t\t<\/div>\n\t\t\t\t<\/div>\n\t\t<div class=\"elementor-element elementor-element-be654e0 e-con-full e-flex e-con e-child\" data-id=\"be654e0\" data-element_type=\"container\">\n\t\t\t\t<\/div>\n\t\t\t\t\t<\/div>\n\t\t\t\t<\/div>\n\t\t<div class=\"elementor-element elementor-element-62b05ef e-flex e-con-boxed e-con e-parent\" data-id=\"62b05ef\" data-element_type=\"container\" data-settings=\"{&quot;background_background&quot;:&quot;classic&quot;}\">\n\t\t\t\t\t<div class=\"e-con-inner\">\n\t\t<div class=\"elementor-element elementor-element-e203f76 e-con-full e-flex e-con e-child\" data-id=\"e203f76\" data-element_type=\"container\">\n\t\t<div class=\"elementor-element elementor-element-d2f8852 e-con-full e-flex e-con e-child\" data-id=\"d2f8852\" data-element_type=\"container\">\n\t\t\t\t<div class=\"elementor-element elementor-element-952905c elementor-widget elementor-widget-text-editor\" data-id=\"952905c\" data-element_type=\"widget\" data-widget_type=\"text-editor.default\">\n\t\t\t\t<div class=\"elementor-widget-container\">\n\t\t\t\t\t\t\t<p><span style=\"font-weight: 400;\">Con <\/span><b>10 a\u00f1os de experiencia<\/b><span style=\"font-weight: 400;\"> como m\u00fasico profesional y saxofonista, pongo a disposici\u00f3n mi conocimiento y experiencia para garantizar que obtengas la mejor opci\u00f3n en relaci\u00f3n <\/span><b>precio\/calidad<\/b><span style=\"font-weight: 400;\"> en tu compra. Te acompa\u00f1ar\u00e9 en todo el proceso, desde la entrega de informaci\u00f3n relativa a marcas, modelos y consejos pr\u00e1cticos, hasta concretar la compra. A trav\u00e9s de esta asesor\u00eda podr\u00e1s conocer los aspectos importantes a considerar al momento de elegir el saxof\u00f3n que mejor se adapte a tus expectativas.<\/span><\/p><p><strong>D\u00e9janos tus datos a continuaci\u00f3n y te contactaremos a la brevedad.<\/strong><\/p>\t\t\t\t\t\t<\/div>\n\t\t\t\t<\/div>\n\t\t\t\t<\/div>\n\t\t<div class=\"elementor-element elementor-element-23fda24 e-con-full e-flex e-con e-child\" data-id=\"23fda24\" data-element_type=\"container\">\n\t\t\t\t<div class=\"elementor-element elementor-element-1dcffd5 elementor-widget elementor-widget-shortcode\" data-id=\"1dcffd5\" data-element_type=\"widget\" data-widget_type=\"shortcode.default\">\n\t\t\t\t<div class=\"elementor-widget-container\">\n\t\t\t\t\t<div class=\"elementor-shortcode\">\n<div class=\"wpcf7 no-js\" id=\"wpcf7-f2089-o1\" lang=\"es-CL\" dir=\"ltr\" data-wpcf7-id=\"2089\">\n<div class=\"screen-reader-response\"><p role=\"status\" aria-live=\"polite\" aria-atomic=\"true\"><\/p> <ul><\/ul><\/div>\n<form action=\"\/index.php?rest_route=%2Fwp%2Fv2%2Fpages%2F1457#wpcf7-f2089-o1\" method=\"post\" class=\"wpcf7-form init\" aria-label=\"Formulario de contacto\" novalidate=\"novalidate\" data-status=\"init\">\n<div style=\"display: none;\">\n<input type=\"hidden\" name=\"_wpcf7\" value=\"2089\" \/>\n<input type=\"hidden\" name=\"_wpcf7_version\" value=\"6.0.1\" \/>\n<input type=\"hidden\" name=\"_wpcf7_locale\" value=\"es_CL\" \/>\n<input type=\"hidden\" name=\"_wpcf7_unit_tag\" value=\"wpcf7-f2089-o1\" \/>\n<input type=\"hidden\" name=\"_wpcf7_container_post\" value=\"0\" \/>\n<input type=\"hidden\" name=\"_wpcf7_posted_data_hash\" value=\"\" \/>\n<\/div>\n<p><label> Tu nombre<br \/>\n<span class=\"wpcf7-form-control-wrap\" data-name=\"your-name\"><input size=\"40\" maxlength=\"400\" class=\"wpcf7-form-control wpcf7-text wpcf7-validates-as-required\" autocomplete=\"name\" aria-required=\"true\" aria-invalid=\"false\" value=\"\" type=\"text\" name=\"your-name\" \/><\/span> <\/label>\n<\/p>\n<p><label> Tu correo electr\u00f3nico<br \/>\n<span class=\"wpcf7-form-control-wrap\" data-name=\"your-email\"><input size=\"40\" maxlength=\"400\" class=\"wpcf7-form-control wpcf7-email wpcf7-validates-as-required wpcf7-text wpcf7-validates-as-email\" autocomplete=\"email\" aria-required=\"true\" aria-invalid=\"false\" value=\"\" type=\"email\" name=\"your-email\" \/><\/span> <\/label>\n<\/p>\n<p><label> Tu Tel\u00e9fono<br \/>\n<span class=\"wpcf7-form-control-wrap\" data-name=\"your-subject\"><input size=\"40\" maxlength=\"400\" class=\"wpcf7-form-control wpcf7-text wpcf7-validates-as-required\" aria-required=\"true\" aria-invalid=\"false\" value=\"\" type=\"text\" name=\"your-subject\" \/><\/span> <\/label>\n<\/p>\n<p><label> Cu\u00e9ntanos ac\u00e1 lo que necesitas (opcional)<br \/>\n<span class=\"wpcf7-form-control-wrap\" data-name=\"your-message\"><textarea cols=\"40\" rows=\"10\" maxlength=\"2000\" class=\"wpcf7-form-control wpcf7-textarea\" aria-invalid=\"false\" name=\"your-message\"><\/textarea><\/span> <\/label>\n<\/p>\n<p><input class=\"wpcf7-form-control wpcf7-submit has-spinner\" type=\"submit\" value=\"Enviar\" \/>\n<\/p><div class=\"wpcf7-response-output\" aria-hidden=\"true\"><\/div>\n<\/form>\n<\/div>\n<\/div>\n\t\t\t\t<\/div>\n\t\t\t\t<\/div>\n\t\t\t\t<\/div>\n\t\t\t\t<\/div>\n\t\t\t\t\t<\/div>\n\t\t\t\t<\/div>\n\t\t<div class=\"elementor-element elementor-element-5dbe5ca e-flex e-con-boxed e-con e-parent\" data-id=\"5dbe5ca\" data-element_type=\"container\" data-settings=\"{&quot;background_background&quot;:&quot;classic&quot;}\">\n\t\t\t\t\t<div class=\"e-con-inner\">\n\t\t<div class=\"elementor-element elementor-element-5eaea3e e-con-full e-flex e-con e-child\" data-id=\"5eaea3e\" data-element_type=\"container\">\n\t\t\t\t<\/div>\n\t\t\t\t\t<\/div>\n\t\t\t\t<\/div>\n\t\t<div class=\"elementor-element elementor-element-79f0197 e-flex e-con-boxed e-con e-parent\" data-id=\"79f0197\" data-element_type=\"container\" data-settings=\"{&quot;background_background&quot;:&quot;classic&quot;}\">\n\t\t\t\t\t<div class=\"e-con-inner\">\n\t\t<div class=\"elementor-element elementor-element-9c43c9d e-con-full e-flex e-con e-child\" data-id=\"9c43c9d\" data-element_type=\"container\">\n\t\t\t\t<div class=\"elementor-element elementor-element-970f18a elementor-hidden-mobile elementor-widget elementor-widget-text-editor\" data-id=\"970f18a\" data-element_type=\"widget\" data-widget_type=\"text-editor.default\">\n\t\t\t\t<div class=\"elementor-widget-container\">\n\t\t\t\t\t\t\t<p><i><span style=\"font-weight: 400;\">&#8220;Tocar el saxof\u00f3n es un viaje de autodescubrimiento. Siempre est\u00e1s aprendiendo algo nuevo sobre ti mismo a trav\u00e9s de la m\u00fasica.&#8221;<\/span><\/i><\/p><p>Sonny Rollins<\/p>\t\t\t\t\t\t<\/div>\n\t\t\t\t<\/div>\n\t\t\t\t<\/div>\n\t\t\t\t\t<\/div>\n\t\t\t\t<\/div>\n\t\t\t\t<\/div>\n\t\t","protected":false},"excerpt":{"rendered":"<p>ASESOR\u00cdA INSTRUMENTAL \u00bfQuieres comenzar las clases pero no tienes instrumento propio?\u00a0 En Saxo Estudio te ayudamos a encontrar el saxof\u00f3n perfecto que se ajuste a tu presupuesto y necesidades a trav\u00e9s de una asesor\u00eda instrumental personalizada. Si quieres conocer m\u00e1s detalles o est\u00e1s listo para invertir en tu propio saxof\u00f3n CONT\u00c1CTAME Con 10 a\u00f1os de [&hellip;]<\/p>\n","protected":false},"author":1,"featured_media":0,"parent":0,"menu_order":0,"comment_status":"closed","ping_status":"closed","template":"","meta":{"footnotes":""},"class_list":["post-1457","page","type-page","status-publish","hentry"],"_links":{"self":[{"href":"https:\/\/www.saxoestudio.cl\/index.php?rest_route=\/wp\/v2\/pages\/1457","targetHints":{"allow":["GET"]}}],"collection":[{"href":"https:\/\/www.saxoestudio.cl\/index.php?rest_route=\/wp\/v2\/pages"}],"about":[{"href":"https:\/\/www.saxoestudio.cl\/index.php?rest_route=\/wp\/v2\/types\/page"}],"author":[{"embeddable":true,"href":"https:\/\/www.saxoestudio.cl\/index.php?rest_route=\/wp\/v2\/users\/1"}],"replies":[{"embeddable":true,"href":"https:\/\/www.saxoestudio.cl\/index.php?rest_route=%2Fwp%2Fv2%2Fcomments&post=1457"}],"version-history":[{"count":46,"href":"https:\/\/www.saxoestudio.cl\/index.php?rest_route=\/wp\/v2\/pages\/1457\/revisions"}],"predecessor-version":[{"id":2099,"href":"https:\/\/www.saxoestudio.cl\/index.php?rest_route=\/wp\/v2\/pages\/1457\/revisions\/2099"}],"wp:attachment":[{"href":"https:\/\/www.saxoestudio.cl\/index.php?rest_route=%2Fwp%2Fv2%2Fmedia&parent=1457"}],"curies":[{"name":"wp","href":"https:\/\/api.w.org\/{rel}","templated":true}]}}